is the highest common factor of 33 and n?
33
Let d = -15790 + 15830. Calculate the highest common divisor of 2140 and d.
20
Suppose 19 + 50 = 23*h. Let p be (h + 20/(-6))*0 - -240. Calculate the highest common factor of 90 and p.
30
Suppose -w + 5*c = 7*c - 520, -4*w = 5*c - 2083. What is the highest common factor of 90 and w?
18
Suppose 21*a = 5150 - 677. Let f = a - -137. What is the highest common factor of 50 and f?
50
Let t(p) = -53*p - 3. Suppose 4*v - 3*l + 0*l + 7 = 0, 3*v = -5*l + 2. Let k be t(v). Calculate the highest common divisor of k and 450.
50
Suppose -249*k + 9699 = 22*k + 3737. Suppose n - 46 = v, -2*n - 4*v - 33 = -113. Calculate the greatest common divisor of k and n.
22
Let r = -189 + 281. Let x be 3/((81/36)/3 + 0). Calculate the greatest common divisor of r and x.
4
Suppose -476831 + 357611 = -104*p + 1072100. Calculate the greatest common factor of p and 79.
79
Let h(q) = -10*q + 361. Let g be h(-29). Calculate the highest common divisor of 168 and g.
21
Suppose 14*c = 11*c + 6. Suppose 0*l + c*l = -2*m + 348, m - 184 = -3*l. What is the highest common factor of 13 and m?
13
Let s be (6*-1)/((-36)/48). Let j(f) = 5*f**2 - 5*f - 186. Let x be j(-9). What is the highest common divisor of s and x?
8
Let u = -2692 + 2748. Calculate the greatest common divisor of 259 and u.
7
Let o(y) = -325*y + 250. Let w be o(-7). What is the highest common divisor of w and 100?
25
Suppose 269 = 3*x + 251, 0 = i + 2*x - 8220. Calculate the highest common factor of i and 72.
72
Let f(d) = 267*d**2 - 8*d + 8. Let p be f(1). Suppose 3*s + 177 = p. What is the highest common factor of s and 10?
10
Let v(a) = a**3 + 5*a**2 - 49*a + 363. Let n be v(6). What is the greatest common divisor of 645 and n?
15
Let j be (43/(-4))/(81/36 + -2). Suppose 2*t - 4*u - 346 = 0, 3*t + 3*u = 125 + 430. Let z = t - j. Calculate the greatest common divisor of z and 14.
14
Let f(x) = 90*x**2 + 16*x - 18. Let j be f(1). Calculate the greatest common factor of j and 12364.
44
Let k be (-16)/(1248/(-845))*66. Calculate the highest common factor of k and 1144.
143
Suppose -14*a + 4*a + 50 = 0. Suppose -3*z + 189 = -a*x, -4*z + x = -19 - 250. What is the highest common factor of z and 170?
34
Suppose -4*n - 2*j + 27542 = 0, 0 = 2*n + 55*j - 51*j - 13792. What is the highest common divisor of n and 1110?
222
Suppose -7*y - 20 = -11*y. Suppose 4*u - d + y*d - 64 = 0, 5*u - 3*d = 80. Suppose u = -6*t + 124. What is the greatest common factor of t and 45?
9
Let j(a) = -2*a**2 - 18*a + 32. Let v be j(-15). Let y = v + 183. Calculate the greatest common factor of 21 and y.
7
Suppose 3*q - 3*r = 84, -12*r = 5*q - 15*r - 150. What is the greatest common factor of 693 and q?
33
Let c(m) = 228*m - 1. Let d be c(1). Suppose -4*y - 165 = -5*j + d, -3*j - 2*y = -244. What is the greatest common divisor of 5 and j?
5
Let n = -765 - -580. Let x be (-4)/(-26) + -2*n/130. What is the highest common factor of 30 and x?
3
Suppose -88 - 68 = -3*u + 4*f, -5*u + 228 = 4*f. Let a = -207 - -319. What is the highest common divisor of u and a?
16
Let r = 181 + -64. Let z = 133 - r. What is the greatest common divisor of z and 30?
2
Let x be 8/6*(1134/4)/9. Suppose 177 - 499 = -b. What is the highest common divisor of b and x?
14
Let f(k) = k**2 + 27*k + 102. Let z be f(-4). Calculate the greatest common factor of 1910 and z.
10
Let o be 5/(-5) - (2 + -9 + 3) - -105. Suppose 0 = -2*i + 64 + 32. Calculate the highest common divisor of o and i.
12
Let t be ((-6)/(-3) + -3)*-22. Let b = -9948 - -10234. What is the greatest common factor of b and t?
22
Let n = 1543 - 1066. Let g = 510 - n. Calculate the highest common factor of g and 33.
33
Let g(m) = m**2 - m. Let q be g(2). Suppose -20*l = -115*l + 1330. Calculate the highest common factor of l and q.
2
Let m(u) be the first derivative of -u**3/3 + 2*u**2 - 3*u - 18. Let z be m(2). Suppose 5*t = 106 - z. What is the highest common divisor of t and 21?
21
Suppose 145 + 107 = 4*k. Let g = -20299 + 20335. What is the greatest common divisor of k and g?
9
Let t be 1 - (-36)/(-24)*4/(-6). Suppose d + t*d = -366. Let x = d + 190. Calculate the highest common divisor of 17 and x.
17
Let j be -1*3 - 530/(-53). Let n(z) = -11*z + 123. Let h be n(j). What is the highest common factor of h and 552?
46
Suppose -9*b + 6*b - 579 = -3*o, 0 = -3*b - 3*o - 609. Let i = b + 273. What is the greatest common factor of 100 and i?
25
Let o(g) = -g**2 - 27*g + 906. Let l be o(19). Calculate the highest common factor of 5792 and l.
32
Let t(b) = b**3 - 7*b**2 - 14*b - 30. Let h be t(9). Suppose s + s = h. Suppose s*g = -2*g + 295. Calculate the highest common factor of g and 59.
59
Suppose 0 = 4*n - 2*q - 36, -n + 5*q = -0 - 18. Let b be (n/10)/(11/(-110)). Let y be (5/(-3))/(b/6 - -1). Calculate the highest common divisor of y and 5.
5
Suppose -8*y = -12*y + 92. Suppose 19*n + 56 = y*n. Calculate the highest common factor of 56 and n.
14
Suppose 0 = -13*p + 17*p - 2224. Let v be 0 + p/16 - 12/16. What is the highest common divisor of v and 238?
34
Let k(u) = 6*u**2 - 2*u + 3. Let n be k(2). Suppose -2*g + 11 = -g - 4*h, 5*h + 8 = g. What is the greatest common divisor of g and n?
23
Let r(f) = f**3 - 76*f**2 - 546*f - 202. Let h be r(83). Calculate the greatest common divisor of h and 153.
51
Let w(g) = 613*g - 7965. Let s be w(13). Suppose 0 = -4*m - 0 + 8. What is the greatest common factor of s and m?
2
Suppose 4*q - 2*g - 16 = -0*q, 5*q - 5 = -5*g. Suppose -q*b = -4*z - 191, b + 13*z - 9*z = 53. What is the greatest common divisor of 671 and b?
61
Suppose 0 = m + 7 - 42. Let x = -3958 + 4028. What is the greatest common divisor of m and x?
35
Suppose -57 = -12*c + 1933 + 6110. Calculate the greatest common factor of c and 875.
25
Suppose -2*z + k + 40 = -1, -3*z - k = -69. Let a be z + (10/55 - 8/44). What is the greatest common divisor of 242 and a?
22
Let c be (-7733)/66 - -2*(-1)/(-12). Let w = 115 + c. Let z(t) = -t + 6. Let x be z(w). Calculate the highest common divisor of 6 and x.
2
Let k(x) = -2*x**2 + 58*x + 4. Let d be k(29). Suppose 0 + 8 = d*y + 4*l, 0 = -5*l. Let a be (-1)/2*0 + 14. What is the highest common factor of y and a?
2
Let p be -27 + (-13)/((-104)/288). Calculate the greatest common factor of p and 159.
3
Let w be 170/119 + 50389/287. What is the highest common divisor of w and 4661?
59
Suppose 5*m + 0*m - 577 = -4*x, -3*x = 5*m - 579. What is the greatest common factor of m and 2496?
39
Let v(w) = -4*w**3 + 3*w**2 + 3*w - 4. Let s be v(3). Let z = s + 140. Let b = z + -59. What is the greatest common factor of 5 and b?
5
Suppose n - 2*v = -3*n + 104, -2*n - 2*v + 58 = 0. Calculate the highest common divisor of n and 1647.
27
Let a(w) = 15*w - 35. Let p be a(2). Let k be p/(45/(-1329)) + 4/(-6). Calculate the greatest common divisor of 3 and k.
3
Let n(c) = -9 - 2*c + 8 + 3*c + 11. Let i be n(-13). Let m be (-7 - 2)*(-3)/(-3)*i. Calculate the highest common divisor of m and 3.
3
Suppose 0 = 3*p - 14205 + 3831. Suppose 0 = 15*d + 4*d - p. What is the greatest common factor of d and 26?
26
Let p(d) = -148*d**2 + 1017*d. Let u be p(6). Calculate the greatest common factor of u and 126.
18
Let a(t) = 4*t**3 - 8*t**2 - 21*t + 96. Let b be a(6). Calculate the greatest common factor of b and 104.
26
Let m(i) = i**3 - i**2 + 135. Let n be (-11 - -11)*1/(0 + 1). Let t be m(n). Let y be (2*9)/((-4)/(-6)). Calculate the highest common factor of t and y.
27
Suppose 0 = -3*l + 3*w + 11300 - 4166, 0 = 4*l + 8*w - 9536. What is the greatest common factor of 420 and l?
140
Let y be (1 - -3)*1/((-13)/(-26)). Let f = 255 - 181. Suppose n - l = f, 218 = 3*n + 2*l - 3*l. Calculate the highest common factor of n and y.
8
Let i(z) = -722*z - 359. Let r be i(-1). What is the greatest common factor of 231 and r?
33
Suppose 7056 = -38*f + 56*f + 129*f. What is the greatest common factor of f and 12?
12
Let h be (-194576)/(-128) - (-2)/(-16). What is the greatest common factor of 40 and h?
40
Let y(d) = 14*d**2 - 2*d. Let r be y(2). Suppose 0 = 3*x - 24, 6*s - 7*s + 62 = -2*x. Calculate the greatest common factor of s and r.
26
Let s(j) = j**2 - 13*j + 16. Let g be s(14). Let r be (-3406)/(-524) + (-7)/(-2). What is the highest common divisor of g and r?
10
Let